 12 - 20.
-11
2 + -2 - ((-7 - 22) + 22) - 18
-11
Calculate 2 - (-7 - (-3 - (12 + (-11 - -6)))).
-1
What is (-1 - (12 - 16)) + 3 + 5?
11
1 - -48 - (-284 + 314)
19
What is the value of 32 + (-31 + 14 - 1) + -10?
4
Evaluate -1 + (-11 - (-5 + 2)) + (-209 - -233).
15
What is -7 - (23 + -22 - (-15 + 3))?
-20
What is (36 + -30 - 20) + 27?
13
Calculate 7 + -7 + -6 + (-7 - -7).
-6
87 + -96 + (-5 - -14)
0
Evaluate 8 + 3 + -1 - (3 + -7 + 3).
11
What is 46 - 49 - (-5 - -19)?
-17
Calculate -2 + 6 + (-19 - -5).
-10
What is -21 + -17 + 13 + (-2 - -8)?
-19
Evaluate -15 + -6 + (14 - 17) + 11.
-13
Evaluate 36 + -1 + -17 + -8.
10
What is the value of 4 + (-2 + -2 - (-50 + 47)) - 8?
-5
Evaluate (6 - 13) + -2 + (-6 - (-1 + 0)).
-14
Evaluate (-14 - (-29 - -26)) + 8.
-3
Evaluate -8 - (-2 - 2) - (2 + -1) - 5.
-10
Evaluate (-80 - -85) + (-3 - -2).
4
Evaluate 17 + -2 + -17 + (0 - -2 - 5).
-5
Calculate -15 + 17 + 17 + -9 - (0 - -6).
4
Evaluate (-7 - (-4 + 6)) + -1 - -25.
15
Calculate 28 + 8 + -29 + -7 + 1.
1
What is (28 - 8 - 30) + 14?
4
What is the value of 38 + -10 + -15 - -7?
20
-8 - (-10 + 4 + -2)
0
What is -33 + 6 - -9 - (18 - 21)?
-15
0 + -12 + 7 + -10 + 7
-8
Evaluate -25 - -45 - (-3 + 2).
21
What is 0 + 2 + -2 + (-14 - -17) + 6?
9
What is (2 - -8) + (12 + -26 - 3) - 7?
-14
Calculate -1 + -2 + (32 - 34) + (0 - -9).
4
Evaluate 9 + -25 - (-12 - (-8 + 1)).
-11
Calculate (22 - (21 + 9 + -1)) + -1 + -31.
-39
Calculate 30 + (9 - 6) + -17.
16
What is the value of 2 + 1 + -6 + -4 + -4?
-11
-1 + (-9 - -26) + -14
2
What is the value of -11 + -6 - (7 - -2)?
-26
What is (10 - 0 - (0 - -10)) + -11?
-11
Calculate 48 + -48 + -4 + 6.
2
-3 - (7 + 9 + -8 + -8 + -17)
14
Evaluate -2 + 20 + -167 + 134.
-15
Calculate (45 - 83) + 21 - -39.
22
Calculate 9 - 6 - -10 - (11 + -9 + -7).
18
(24 - 10) + -4 + -11 + 18 + 0
17
What is the value of (-7 - 15) + 25 + 6?
9
What is the value of 5 + (-2 - -1 - 5) - 0 - -11?
10
What is (20 - -2) + (23 - 31)?
14
Evaluate (27 - 21) + (5 - 7) + -6.
-2
Evaluate -2 - (-13 - (1 - (-1 + 5) - -6)).
14
57 + -38 + (-15 - 3) - (-1 + -6)
8
Calculate -6 + (0 + 43 - -4).
41
Evaluate -46 + 44 - (-17 - (-4 + 0)).
11
Calculate (-4 - -4) + (7 - 1) + (78 - 76).
8
Evaluate (7 - 6) + (121 - 147).
-25
Evaluate -13 + (-5 - -7 - ((5 - 12) + 3)).
-7
(5 - 8) + -7 + 6 + 6
2
Calculate -2 - 5 - (4 + (-8 - 8) + 10).
-5
-22 + 10 - ((13 - 13) + -24)
12
Evaluate 41 - (35 + 15) - 24.
-33
What is the value of 2 - (-28 + 10 + 30)?
-10
Evaluate -9 + (-33 + 30 - (1 - -5)).
-18
What is the value of (4 - 0) + -21 + (-158 - -183)?
8
Evaluate (0 + 33 - 73) + 56.
16
-19 + 9 + 6 + -2 + (3 - 0)
-3
(37 - 29) + (-2 - -21) + -10
17
Evaluate -50 - -37 - (-9 + 14).
-18
What is the value of (-3 - 13) + 8 - (-3 + (0 - 25))?
20
What is 2 + (7 - (9 + -8) - -1) + -23?
-14
What is the value of -1557 + 1551 - (-1 + 1)?
-6
-5 + (-4 - (-31 + 19))
3
What is the value of -12 + 6 + -4 - (-39 - -30)?
-1
What is -40 + -33 + (3 - -50)?
-20
What is 17 - (-110 - -89 - (2 + -6))?
34
Evaluate 70 + -89 + (35 - 0).
16
What is the value of (-1 - -4) + -1 + (124 + -59 - 65)?
2
What is (-7 - (-1 + -3)) + 7 + 4?
8
Evaluate -8 - (41 + -47 - (6 - 1) - 2).
5
Evaluate -5 + 6 + -10 + -1 + 1.
-9
Calculate -23 + -3 + 15 + (4 - 13).
-20
What is the value of -276 - -259 - (-15 + -2)?
0
Calculate (-8 - -57) + -13 - 0.
36
What is -16 - (16 - (17 + 12))?
-3
What is the value of (1 - (1 - -1)) + (-171 - -174)?
2
What is 4 + 6 + 35 + -29 - 37?
-21
Calculate 0 - -2 - (-26 - 29 - -26 - -23).
8
What is -5 - (1 + -7 - (-10 + 2 + 2))?
-5
What is (24 + -31 - (-1 + -4)) + 19?
17
Calculate -9 + (22 - 4 - (53 + -10)).
-34
Evaluate 1 + (-18 - -1 - -29) + -12.
1
What is -23 - ((-3 - 18) + -9)?
7
What is the value of 10 + (-13 - 14) + 13 + -2 + -16?
-22
Calculate (-12 - 9) + 20 + 1 + 0 + 1.
1
Evaluate 25 + -14 - 27 - -6.
-10
What is ((13 - 6) + -28 - 2) + -3?
-26
What is -13 - ((-149 - -146) + (2 - 13))?
1
Evaluate (-5 + 0 - ((-22 - 2) + 13)) + -9.
-3
-8 + -10 - (16 - (-27 + 24))
-37
Calculate 11 + -30 - (10 - 40).
11
What is (-17 + 29 - -19) + (0 - 8)?
23
What is (0 - -11) + -20 + 25?
16
What is the value of -1 + -34 + 24 + -12?
-23
What is the value of (-12 + 6 - -11) + 7?
12
What is the value of 6 + -1 + 0 + -3 - (102 - 107)?
7
-27 + (-17 - -7 - -23) + -2
-16
5 + (-2 - (16 + -10)) + 10
7
131 + -148 + -6 + 46
23
What is 0 - 2 - -7 - ((20 - 7) + -18)?
10
Calculate (144 - 122) + (0 - 18).
4
What is the value of -2 + 0 + -6 + (14 - (7 - 6))?
5
What is 20 - (0 + 0 + 11)?
9
Calculate -247 + 235 + 3 + 1.
-8
What is the value of 6 + (-14 - 7) + -1 + (7 - 3)?
-12
6 - (-16 + 20 + 21)
-19
Evaluate (1 - (4 + -18) - -22) + -14.
23
Calculate -14 + 4 - (-9 - (4 + -5 - 2)).
-4
Evaluate -6 - (5 + 5 - 13).
-3
What is -56 - (-64 - -22) - (2 - (1 + -3))?
-18
What is -19 + -36 - -30 - -14?
-11
Evaluate (110 - 58 - 29) + (0 - (-1 + 4)).
20
What is -6 + 0 + (0 + 3 - (10 + -7))?
-6
Evaluate 33 + -36 - (25 + -12 - (-2 - -7)).
-11
Evaluate (1 - (48 + -27)) + 14.
-6
Calculate -3 + -11 + 12 - (2 + -2).
-2
Evaluate 3 - ((2 - 2) + -8 - (-60 - -59)).
10
Calculate (-7 - (-26 + 17)) + -3 + -5.
-6
Calculate 6 - (6 + -7 + 11) - -4 - 16.
-16
28 - (66 - (-18 + 48))
-8
Evaluate 3 + -35 + 43 - 48.
-37
Calculate -12 + 10 + 1 + -7 + 5 - -9.
6
What is the value of (-28 - -34) + 7 - 23?
-10
Evaluate 2 + (0 - 2) + (-54 - -38 - -22).
6
9 + (0 - (4 + 0)) - (-26 + 42)
-11
What is (-19 - -11) + -15 - -10?
-13
-9 + 4 + 3 + (-2 - (-17 + -2))
15
What is -10 + 5 + (6 - 7) + 5?
-1
What is the value of 7 - 3 - 8 - 3 - (-19 + -2)?
14
What is the value of -2 - (-2 + 33) - (-53 + 35)?
-15
Calculate -8 - (3 + -3 + 1 + -18).
9
What is 3 + -8 + -11 + (7 - 7) + -2?
-18
Calculate 7 - (7 + 9 + (11 - 11)).
-9
What is the value of -16 - (-7 - -5) - -30?
16
What is the value of (-275 - -235) + (2 - -7 - -3)?
-28
Calculate 7 - ((25 - -3) + (-4 - (-14 - -12))).
-19
Evaluate 17 + -11 + 9 + -7.
8
What is the value of -2 - ((-24 - 9) + 49)?
-18
Calculate -1 - -7 - (51 + -56).
11
Evaluate 2 + -1 + -7 + 18.
12
Calculate 25 - (59 + -14) - 1.
-21
What is the value of 19 + 1 - (726 - 717)?
11
Evaluate (228 - 212) + (3 - 14) + 2.
7
Calculate 12 - 1 - (8 + (18 - 33)).
18
What is the value of -7 + (19 - -1 - 18)?
-5
What is the value of -33 + 4 + (10 + -1 - -4)?
-16
(-6 - (3 - 6)) + (464 - 442)
19
Calculate -11 + 3 - (8 - 5).
-11
Evaluate (-1 - 5) + (8 - (6 + -17 + 3)).
10
(-19 - -2) + 8 + 0
-9
What is the value of 707 + -722 + (5 - (-2 - -1)) + 1?
-8
What is the value of 3 + 1 - (21 - (-11 + -2 - -21))?
-9
Calculate (-1 - -4) + -9 + (-40 - -54).
8
What is (3 + -3 - (-5 - -12)) + 7?
0
27 - ((-3 - (-6 - -7)) + 10)
21
What is the value of 44 + -70 - ((0 - -5 - 10) + 7)?
-28
Evaluate -12 + (-6 - -28) + (0 + 2 - 7).
5
What is 3 + -26 - (4 - (-4 + 15))?
-16
Evaluate 220 + -220 - (6 + 1).
-7
Evaluate 9 + (-19 - -13) + -1 + -18.
-16
-3 + (3 - (-16 + 5))
11
32 - 10 - 44 - 3
-25
Calculate -8 + (-7 - (17 - 30)).
-2
Calculate 2 - (174 - 171 - (-1 + (2 - -23))).
23
0 + 24 + -79 + 67
12
Evaluate -15 - -22 - (19 + 0).
-12
Calculate (14 + -2 - -16) + -33.
-5
Calculate -12 - -7 - (9 + -5).
-9
Evaluate -33 + 12 + -2 + 15.
-8
Calculate 14 - (-15 + -5 + 1 + 5).
28
Evaluate 152 + -181 + 0 + -1 + 12 + -2.
-20
Calculate 5 + -5 + 0 + 1 - (12 + -17).
6
What is -10 + -22 + -13 + 40?
-5
Evaluate 8 - -5 - (-15 + 9 + 18).
1
Evaluate 1 + -1 - 6 - 0 - (1335 + -1334).
-7
Calculate -768 + 753 + (-1 - (4 + -2 + 0)).
-18
Evaluate (-32 - (-20 - -2)) + (9 - 0) + -2.
-7
Evaluate -14 + 20 + -4 + -8.
-6
Calculate 2 + 5 + -10 + -5 + 3.
-5
What is 2 + -6 + -5 + 15 - -15?
21
Evaluate (3 - 4) + 4 + -22 - -6.
-13
Calculate (-18 - -26) + (1 - 2 - 6).
1
-21 - (-14 + 6 + -8)
-5
What is (-1 - (-8 - -1 - -5)) + -12?
-11
What is the value of 16 - (43 - 22) - (3 - -1)?
-9
Evaluate 1 + -8 + 149 + -136.
6
What is the value of -36 + (6 - -4) - -35?
9
Evaluate 4 + (-20 - 1) - (-15 + (13 - 0)).
-15
What is (-9 + -11 - -10) + 7 - -21?
18
What is 3 - -1 - (-29 + -1 - (-194 + 184))?
24
What is -10 + 55 + 6 + -20?
31
What is 0 + -3 - (-36 - (-21 - -10))?
22
What is (-10 - (-1 - (7 - 2))) + 9?
5
Calculate (4 - 1) + -16 + (-523 - -550).
14
-1 + -13 + (14 - (11 + -11) - 12)
-12
What is the value of (-26 - (34 + -27)) + 45?
12
What is -2 + -18 + -136 + 134?
-22
What is 5 - (29 + 10 + 